t t(a) = a**2 + 45*a - 1310. Let f be t(20). Let v(x) = -2*x**2 - 16*x + 34. Give v(f).
-6
Let c be -8 - (-11 + 8) - -8. Suppose 4*j = 10*n - 7*n + 15, -c*j + 4 = 5*n. Let k(i) = 29*i + 1. What is k(n)?
-28
Let t(w) = w**3 + 4*w**2 - w - 5. Let g = -680 - -677. Calculate t(g).
7
Let l = -2 - -17. Let u(y) be the first derivative of y**4/4 - 14*y**3/3 - 8*y**2 + 9*y + 1879. Calculate u(l).
-6
Let s(c) = 2*c + 18. Suppose 606 - 718 = 16*w. Give s(w).
4
Let a(d) = -9*d**3 + 12*d**2 - 14*d - 18. Let m(j) = -4*j**3 + 5*j**2 - 7*j - 8. Let q(i) = -5*a(i) + 11*m(i). Determine q(6).
-4
Let t(m) = 3*m - 5. Let x be t(6). Let v(o) = -o**3 + 528 + 14*o**2 + 20*o - 552 - 31*o. Determine v(x).
2
Let f(j) be the first derivative of 1/4*j**4 + j**3 - 3*j - 3 + 0*j**2. Suppose -4*o + 6*o + 6 = 0. Calculate f(o).
-3
Let u(d) be the third derivative of d**6/20 - d**4/12 - d**3/3 - 52*d**2 - 2. Let a be u(-1). Let s(c) = -2*c + 1. Determine s(a).
13
Let u(x) = x**3 - 10*x**2 + 11*x - 7. Let f = 13115 + -13107. Give u(f).
-47
Let i(z) be the first derivative of -z**3/3 + 8*z**2 - 9*z + 2742. Determine i(18).
-45
Let x(t) = -8*t + 10. Let d be x(3). Let n be (-594)/d + 36/(-84). Let m(z) = 4*z + z**3 + 4 - 18*z**2 - 20*z**2 + n*z**2. Give m(-3).
1
Let v(o) = -89*o**2 + 13*o + 26. Let u(l) = 104*l**2 - 13*l - 26. Let x(s) = 6*u(s) + 7*v(s). Calculate x(-13).
26
Let o = 12100 + -12121. Let a(g) = -g**2 - 18*g + 94. Give a(o).
31
Let d(z) = z**2 + 14*z - 30. Let p(i) = -3*i**2 + 21*i + 415. Let b be p(16). What is d(b)?
21
Suppose 2*s + x + 15 = 0, -23 = 4*s + 3*x + 12. Let n = 726 + -511. Let g(v) = -4*v**2 - 212 + n + 7*v + v**2 - v**3. Give g(s).
18
Let l(y) = -y**3 - 2*y**2 + y + 1. Let h(f) = -6*f**2 - 24*f - 84. Let m be h(-5). Let a = -112 - m. Calculate l(a).
-13
Let j(y) = 2*y + 41. Let r be ((-1120)/490)/((-3)/(-21)). What is j(r)?
9
Suppose t + 5 = 0, -4*c + t + t = 2. Let f(y) = 7*y - 3. Let b(v) = 3*v - 1. Let d(q) = c*f(q) + 8*b(q). Suppose -k = k - 10. Determine d(k).
16
Suppose -3*k = 3, 3*n + 5 = -3*k + k. Let d be -4 - (0 - n)*(-214)/2. Suppose -d*p + 2 = -102*p. Let h(b) = b**2 - b + 1. Give h(p).
3
Let t(f) be the first derivative of -f**3/3 - 4*f**2 - 3*f + 67. Let g(b) = b**2 + 4. Let a be g(-3). Let h = 6 - a. Give t(h).
4
Let y(m) be the third derivative of -m**5/60 + m**4/12 - m**3/3 + 14*m**2. Let v = 171 + -183. Let z be ((-1)/(21/v))/((-14)/(-49)). What is y(z)?
-2
Let j(w) = 164*w - 323. Let n be j(2). Let y(g) = g**3 - 13*g + 5. Calculate y(n).
65
Let t(a) = -a**2 - 18*a - 15. Let s(k) = k**3 + 16*k**2 + 25*k - 59. Let j be s(-14). Determine t(j).
2
Let m(h) = -7*h - 10. Let y(l) be the second derivative of l**3 + 4*l**2 - 203*l. Let x(v) = -5*m(v) - 6*y(v). Give x(4).
-2
Let b(d) be the third derivative of 0*d + 0 - 1/120*d**5 - 7*d**2 + 1/12*d**4 - 11/6*d**3. Let u(r) be the first derivative of b(r). Calculate u(7).
-5
Let h(b) = 97*b - 7 + 87*b - 173*b. Give h(-4).
-51
Suppose 0 = r + r + 8. Let s(q) = q**3 + 13*q**2 - 7. Let m(g) = g**3 + 12*g**2 - 6. Let h(c) = -9*m(c) + 8*s(c). Give h(r).
-2
Let t = 19 + 26. Let o be 2575/t + (-4)/18. Let c(s) = -o*s - 2 + 56*s + 7. Calculate c(-6).
11
Let r be (-10)/(-5)*(-1 - (-7)/2). Suppose -5*l + 3*l - 24 = -2*w, -80 = -r*w + l. Let c(m) = 35*m + 1 - w*m - 19*m + 4*m**2. Give c(1).
4
Let i(m) be the second derivative of -7/3*m**3 + 0 + 69*m + 13/2*m**2 - 4/3*m**4 - 1/20*m**5. Calculate i(-15).
-2
Let v be ((-20)/(-6))/(7 - 19/3). Let r(i) = 2*i**2 - 6*i + v*i**3 - 5*i**3 + i**2 + i**3 - 4. Let n = -7 + 3. Give r(n).
4
Let f be (987/42)/(-47) - (-11)/2. Let a(r) be the third derivative of -17*r**2 + 0*r + 5/24*r**4 + 0 + 5/6*r**3 - 1/60*r**f. What is a(5)?
5
Let j(r) be the third derivative of -r**5/60 + 11*r**4/24 - r**3/2 + 2262*r**2. What is j(8)?
21
Let z(t) = -132 + 190 - 278 + 5*t. Give z(48).
20
Let g(w) = -w**2 - 3*w - 12. Suppose -4*t + 5*i - 31 = 0, -5*t + 10*t + 3*i = -11. What is g(t)?
-16
Let u be ((9 - 9)/(2 + -4))/(-1). Suppose -w + 1 = 2*n, 3*n + u*w = -2*w + 3. Let o(x) = -4*x**2 + 1. Determine o(n).
-3
Let m(n) be the third derivative of n**6/40 - 16*n**5/15 + 11*n**4/12 - 19*n**3/6 + 20*n**2 + 9*n. What is m(21)?
2
Let z(v) be the third derivative of -v**5/60 - v**4/12 - v**3 + 2352*v**2. Calculate z(4).
-30
Let s(y) = y. Let z(t) be the second derivative of 0 - 1/2*t**2 + 22*t. Let n(l) = 2*s(l) - z(l). Give n(1).
3
Let r(z) be the first derivative of z**5/20 - z**3/2 - z**2 - 4*z + 52. Let y(l) be the first derivative of r(l). What is y(-2)?
-4
Let b(v) be the first derivative of 3*v**2 - v - 2122. Let s(o) = o**3 - o**2 + 1. Suppose 2*l = 5*x + 6, -x - l + 9 = 2*l. Let m be s(x). Determine b(m).
5
Let z(a) be the second derivative of a**4/2 + 31*a**3/6 + 11*a**2/2 - 66*a. Let y(r) = -2*r**2 - 11*r - 4. Let w(h) = 8*y(h) + 3*z(h). Determine w(-3).
4
Let p(l) = 7*l + 30. Let x(g) = 29*g + 128. Let i(d) = 25*p(d) - 6*x(d). Let q(t) = t - 1. Let h be q(11). Give i(h).
-8
Let z(a) be the third derivative of 0*a - 1/10*a**5 + 1 - a**3 - 4*a**2 + 1/8*a**4 + 1/120*a**6. What is z(6)?
12
Let s(x) = -x**2. Let k(t) = -t**2 + 2*t. Let q(i) = 4*i + 2. Let p(c) = 2*k(c) + q(c). Let y(z) = -p(z) + 3*s(z). Determine y(-8).
-2
Let g(y) = y + 16. Suppose d - 11 = 3*u, 20*d + 4 = -4*u + 24*d. Give g(u).
11
Let t(f) be the second derivative of 7*f**3/6 - 83*f**2/2 - 6424*f + 2. Give t(13).
8
Let u(c) be the third derivative of 13/24*c**4 + 0*c - 6*c**2 + 0 + 1/60*c**5 - 7/6*c**3. Let t(l) be the first derivative of u(l). What is t(-9)?
-5
Let h(i) be the third derivative of -i**5/20 - i**4/24 + i**3/2 + 2*i**2 + 335*i. Determine h(2).
-11
Let z(x) = x**2 - 7*x - 2. Let o be z(-3). Let i(w) = 3 - 9*w - 6*w**2 - 11*w - 7 + w**3 + o*w. What is i(5)?
11
Let p(r) be the second derivative of r**5/20 + r**4/2 + r**3/2 - 3*r**2/2 - 79*r + 28. Let i = 5 + -10. Give p(i).
7
Suppose -2*r + p = 5, r + r + 3*p = -1. Let u(h) = 10*h**3 - h**2 - h + 6. Let x(a) = -7*a**3 + a**2 + a - 4. Let c(j) = -5*u(j) - 7*x(j). Determine c(r).
2
Let i(y) = y - 2. Let j(h) = 8 - 5 + 1 - 2. Let q(t) = -3*i(t) - 4*j(t). Determine q(0).
-2
Suppose 99*j + 169*j + 612 = 64*j. Let s(p) be the third derivative of -p**6/120 - p**5/12 - p**4/6 - 2*p**3/3 - p**2. Calculate s(j).
-10
Let v(t) = -t**2 + 2*t - 3. Suppose 4*j - 16 = 3*j. Let m(l) = l - 28 + 3 + j. Let c be m(13). Determine v(c).
-11
Let n = 191 + -188. Suppose 19 - 7 = n*s. Let i(d) = -d + 1. Calculate i(s).
-3
Let y(p) = p**3 - 6*p**2 + 4*p + 4. Suppose 0 = -84*v + 106*v - 3256. Let l be v/114*3 - (-22)/209. Calculate y(l).
-12
Let c(u) = -u - 3. Suppose 8*p = 6*p + 2. Let v be ((-6)/4 - p)*(21 - 27). Let o be (-6)/v - (-210)/25. Calculate c(o).
-11
Let k(z) = -z**3 - 3*z**2 + 5*z + 7. Let t be k(-5). Let u = -36 + t. Let m be 6/u + 6/12. Let q(f) = -3*f**2 + f + 1. Determine q(m).
-3
Let a(u) = -u + 9. Let r be a(4). Let g(b) = 0*b + 0*b**2 - r*b + 4 - b**2. Let p be (-6 - -4)*10/4. Calculate g(p).
4
Let s(z) = -8*z**2 - z - 1. Let b(a) = -a**3 - 15*a**2 + 2*a + 30. Let y be b(-15). Suppose -4*d = -8, 4*d = -y*v - 5*v + 3. Give s(v).
-8
Let z(t) = 6*t + 1. Suppose -2*a + 4 = -2*u, a + 3*a - u - 8 = 0. Suppose 4*j = 3*p + 93, a*j - p = 51 - 6. Suppose v = -6*v + j. Determine z(v).
19
Let t(w) be the first derivative of -7*w**4/4 + w**2 - w + 36. Let a = -238 + 239. Determine t(a).
-6
Let a(q) = 5*q**2 - 9*q. Let v(d) = -11*d**2 + 20*d - 1. Let m(u) = 9*a(u) + 4*v(u). What is m(-3)?
8
Let m(s) be the third derivative of 1/24*s**4 - 1/120*s**6 + 1/10*s**5 - 50*s**2 + 1/2*s**3 + 0 + 0*s. Give m(6).
9
Let l(o) be the first derivative of 5*o**2/2 + 76*o + 1414. Calculate l(-15).
1
Let q(d) = -557*d - 23947. Let z be q(-43). Let f(u) = 5*u**2 - 41*u + 19. Let r(v) = v**2 - 8*v + 4. Let h(y) = 2*f(y) - 11*r(y). Determine h(z).
2
Let c(w) be the first derivative of -16*w**2 - 102*w + 7322. What is c(-3)?
-6
Let u(k) = -k**3 - 6*k**2 + 23*k - 13. Suppose -4*y - 2*d - 21 = 5, 4*y - 4*d = -56. What is u(y)?
23
Suppose -3*f - 2*f - 20 = 0, -m + 4*f = -19. Let s be 8/(-18)*(-39)/26*m. Let x(u) = -16*u**2 + 11*u**2 + u + 8*u**s + 1. Calculate x(2).
15
Let z(u) = 4*u**3 + 2*u**2 - 1. Suppose -292 + 132 = -5*q. Suppose n + 2*w - 28 = -q, n - 4*w - 14 = 0. Determine z(n).
39
Le